d derivative of -6*w**2 - 2*w + 1/2*w**3 + 0. Let y be v(8). What is the highest common factor of 4 and y?
4
Let j(r) = 250*r**2 - 18*r - 120*r**2 - 34 - 129*r**2. Let y be j(20). What is the greatest common factor of 72 and y?
6
Let f(d) = 506*d + 3570. Let s be f(-7). Let w(l) = -l**3 + 4*l**2 + 5*l + 4. Let t be w(5). Calculate the highest common divisor of s and t.
4
Let u(r) = -r**3 - 6*r**2 + r + 24. Let b be u(-10). What is the greatest common divisor of b and 18?
18
Suppose 0 = -12*s + 940 + 6164. What is the greatest common divisor of 74 and s?
74
Let f(g) = g**2 + 13*g + 67. Let y be f(-11). Calculate the highest common divisor of y and 120.
15
Suppose -p + 24 = 5*w, 5*p - w + 82 = 280. Calculate the greatest common divisor of p and 533.
13
Suppose 68*g - 63*g = 500. Calculate the highest common divisor of g and 725.
25
Suppose 0*z - 3*z = 5*s - 79, z - 2*s - 19 = 0. What is the highest common divisor of 115 and z?
23
Suppose 4*u - p - 67 = 27, 22 = u - p. Suppose -4*b + b = -u. Let s(k) = -k**3 + 8*k**2 + 2. Let y be s(b). Calculate the greatest common factor of 22 and y.
2
Suppose -5*n = -15*t + 12*t + 680, 5*n - 1080 = -5*t. What is the highest common factor of t and 165?
55
Let t be 1*-2*(-35)/10. Let q be (-26)/12 + (-5)/(-30). Let y be (q - -1)*3 + t. What is the greatest common factor of y and 8?
4
Suppose 0 = 2*d - 107 + 11. Suppose 15*w - d = 11*w. Calculate the highest common divisor of w and 36.
12
Suppose -12*k + 7*k = -20. Let t be 15/6 + k/8. Suppose -t*s - 5*n - 65 = -8*s, 0 = -5*s - 5*n + 95. Calculate the highest common divisor of 16 and s.
16
Suppose -4*b + x - 685 = 0, -4*b - 676 = -7*x + 3*x. Let r = b + 282. Calculate the highest common factor of 10 and r.
10
Let q(w) be the second derivative of w**4/12 - 7*w**3/6 + 5*w**2/2 - 5*w. Let r be q(2). Let o = r - -8. Calculate the greatest common factor of o and 24.
3
Let t(g) = -3*g - 16. Let d be t(-6). Suppose 4*y = 2*h - 238, -3 + 1 = -d*y. What is the highest common divisor of 11 and h?
11
Let d = -29 - -29. Suppose -8*l + 5*l + 54 = d. What is the greatest common divisor of 2 and l?
2
Suppose 4*a - 10 = -d, -5*a - 114 = -5*d + 61. Suppose 5*p = 4*u - 89, -2*p + 0*p - d = -3*u. Let t = -1 - p. Calculate the highest common factor of t and 50.
10
Suppose -13*j = -31*j + 630. What is the highest common factor of j and 15?
5
Let q be ((-18)/15)/(2/(-5)). Let x = -645 + 654. What is the highest common divisor of x and q?
3
Let g be (-220)/50*-25*(1 + 0). Calculate the highest common factor of g and 10.
10
Let g(h) = h**3 - 8*h**2 + 3*h + 15. Let k be g(8). Let d = 96 - k. Calculate the greatest common factor of 19 and d.
19
Let k(p) = p**3 + 7*p**2 + 4*p - 4. Let v be k(-6). Let m be (-1)/4 - 570/24. Let j = -22 - m. What is the highest common factor of j and v?
2
Let n be 86 - (-1)/((-4)/(-8)). Let v(g) = g**2 + 5*g + 12. Let u be v(-4). Calculate the highest common factor of u and n.
8
Suppose -5*a = -0*a - 5. Let j = -13 - a. Let c(o) = o**3 + 13*o**2 - 15*o - 6. Let v be c(j). Calculate the highest common divisor of v and 20.
4
Suppose -4*o - 343 = -5*z, z + 152 = -2*o - 3*z. Let s = -64 - o. Calculate the highest common divisor of s and 30.
6
Suppose 2*d + 75 = 7*d. Suppose -10 = 2*l - 2*n + 4*n, -n = 5. Suppose -9 = -m - 2*m, 5*j + 3*m - 309 = l. Calculate the highest common divisor of j and d.
15
Let r be ((-39)/(-52))/(2/136). Calculate the greatest common factor of 612 and r.
51
Let o = -116 + 188. Calculate the greatest common divisor of 9 and o.
9
Let m(r) = r**2 - 2*r - 3. Let d(f) = f + 19. Let v be d(-12). Let x = -10 + v. Let w be m(x). Calculate the greatest common divisor of w and 132.
12
Suppose 2*m - 2*h - 61 = -3, h - 91 = -4*m. Let r = -3 + 29. Suppose -4*t + r = -6. What is the greatest common factor of t and m?
8
Suppose -3*c - r - 30 + 9 = 0, -3*r - 9 = 0. Let v be (-4312)/(-60) + c/(-45). Let j = 1 - -7. What is the highest common divisor of v and j?
8
Let f = 93 - -39. Suppose -18*x = -34*x + 192. Calculate the greatest common divisor of x and f.
12
Let v(r) = r**2 + 22*r - 74. Let k be v(-25). Calculate the greatest common factor of k and 17.
1
Suppose 0 = 4*z - 837 + 81. What is the greatest common divisor of 21 and z?
21
Let g(x) = -24*x - 1. Let f be g(-1). Let z = 52 + f. Let s = -12 + z. What is the highest common divisor of 42 and s?
21
Suppose 0 = -6*r + 3*r + 216. Let a(q) = -11*q + 1. Let o be a(-1). Suppose -4*j = -5*j + o. What is the highest common divisor of r and j?
12
Suppose 2*x - 5*i = -19, x - 3*i - 2*i + 17 = 0. Let j = -1 - x. What is the highest common divisor of 9 and j?
1
Let n(o) = 38*o + 0 - 3 + 1. Let g be n(8). Let c = -104 + g. What is the greatest common factor of 18 and c?
18
Suppose 12*r - 534 = 486. What is the greatest common factor of r and 68?
17
Suppose 2*c = 7*c + 5, 2*z - 92 = 2*c. Suppose 0 = -4*r + 2*m + 171 + 139, r = m + 80. Calculate the highest common factor of r and z.
15
Let k be 1/(-7) - (-44)/14. Suppose 0 = -4*b + k*t + 147, -t + 28 = b - 7. Calculate the greatest common divisor of 90 and b.
18
Let m = 14 + -14. Suppose 0*t - 2*t = m. Suppose t = -3*w, 5*a - w - 30 = -6*w. What is the greatest common divisor of 6 and a?
6
Let y = 3 + 1. Suppose 0 = -3*s + s + 24. Let n = s + -4. What is the highest common divisor of n and y?
4
Let m(u) = -u - 10. Let t be m(-14). Let l be 26/t - (-15)/(-10). Suppose -l*w = 11 - 51. Calculate the highest common divisor of 12 and w.
4
Let l = -74 + 92. Let b = l + -2. Calculate the greatest common divisor of 112 and b.
16
Suppose -67*w + 68*w - 35 = 0. What is the highest common divisor of 40 and w?
5
Let w be (2/6)/((-2)/(-102)). Let h = w - -11. Calculate the highest common divisor of h and 42.
14
Let s = -7 - -12. Suppose 0 = 28*k + 41 - 461. What is the greatest common factor of k and s?
5
Let a = 137 - 132. Suppose 3*q + 8 = a*q. What is the greatest common divisor of 16 and q?
4
Suppose -b = -5 + 4, 0 = 5*u - 3*b - 97. Calculate the greatest common divisor of u and 1000.
20
Let g(y) = 4*y**3 + y. Let h be g(1). Suppose -144 - 556 = -h*u. Calculate the greatest common factor of u and 20.
20
Let t = 952 + -561. What is the greatest common factor of t and 17?
17
Suppose -4*i = 6*w - 5*w - 12, 0 = 2*w - 4*i - 48. Suppose z + z = 16. Calculate the highest common divisor of z and w.
4
Let d be (-5 - 1) + 27/9. Suppose k - 3 = 3. Let h be d - (-33)/k*2. What is the highest common factor of 48 and h?
8
Let v = 22 + -13. Let b = 26 - v. What is the greatest common factor of 119 and b?
17
Let w(g) = 30*g + 100. Let j be w(-2). What is the highest common factor of 390 and j?
10
Let f(o) be the second derivative of 11*o**5/20 + o**4/12 - o**2/2 - 10*o. Let d be f(1). Let h = 70 + 40. Calculate the greatest common factor of d and h.
11
Let o = -232 - -236. Let m be 2/(-9) - (-44)/36. Calculate the greatest common divisor of m and o.
1
Let u = 154 + -146. What is the greatest common factor of u and 88?
8
Let s = 170 + -77. Suppose s = 9*r - 357. Calculate the highest common factor of 10 and r.
10
Let g = -20 - -12. Let w = g + 11. Suppose -w*u + 485 = 5*l, 0 = 5*u + 9 + 16. What is the greatest common factor of l and 10?
10
Suppose -2*b - 3*y = -2*y - 59, 3*b = 4*y + 72. Let u be 8/b + (1776/(-28))/(-2). What is the greatest common divisor of 160 and u?
32
Suppose -3*m - u + 13 = -0*m, -2*m + u = -7. Suppose -m*k + 64 + 173 = 3*y, 5*y + 5*k = 390. Let z = 114 - 64. What is the highest common factor of z and y?
25
Suppose 10*x = 9*x - 18. Let i = 22 + x. Suppose 384 = i*y + 2*y. What is the greatest common divisor of y and 16?
16
Suppose -k = 2*k. Suppose -h = 5*v - 35, -h - 25 = -k*v - 5*v. Suppose -3*f = 5*m - 285, 4*m - 178 = -5*f + 37. What is the highest common divisor of v and m?
6
Suppose 4*q + 45 = -151. Let t = q - -66. Calculate the greatest common divisor of 119 and t.
17
Suppose -32 = -0*g - g + 4*y, -g - 2*y = -2. Let f(l) = 4*l - 29. Let b be f(g). What is the highest common divisor of b and 95?
19
Let h be 84/4 - (0 + 3). Let c = 9 + -20. Let j = h + c. Calculate the highest common factor of j and 35.
7
Suppose 0 = -6*z + 2*z + 3*b - 1634, -2*b = 3*z + 1234. Let n = -213 - z. Let a = n - 141. Calculate the highest common divisor of 7 and a.
7
Suppose 